{"id":948,"date":"2022-09-08T20:25:08","date_gmt":"2022-09-08T23:25:08","guid":{"rendered":"https:\/\/alkamim.com.br\/site\/?page_id=948"},"modified":"2022-09-09T22:05:01","modified_gmt":"2022-09-10T01:05:01","slug":"propostas","status":"publish","type":"page","link":"https:\/\/alkamim.com.br\/site\/propostas\/","title":{"rendered":"Propostas"},"content":{"rendered":"\t\t<div data-elementor-type=\"wp-page\" data-elementor-id=\"948\" class=\"elementor elementor-948\">\n\t\t\t\t\t\t\t\t\t<section class=\"elementor-section elementor-top-section elementor-element elementor-element-b3e6508 elementor-section-boxed elementor-section-height-default elementor-section-height-default\" data-id=\"b3e6508\" data-element_type=\"section\" data-settings=\"{&quot;background_background&quot;:&quot;gradient&quot;}\">\n\t\t\t\t\t\t<div class=\"elementor-container elementor-column-gap-default\">\n\t\t\t\t\t<div class=\"elementor-column elementor-col-100 elementor-top-column elementor-element elementor-element-91f92db\" data-id=\"91f92db\" data-element_type=\"column\">\n\t\t\t<div class=\"elementor-widget-wrap elementor-element-populated\">\n\t\t\t\t\t\t\t\t<div class=\"elementor-element elementor-element-183b51a elementor-widget elementor-widget-heading\" data-id=\"183b51a\" data-element_type=\"widget\" data-widget_type=\"heading.default\">\n\t\t\t\t<div class=\"elementor-widget-container\">\n\t\t\t<style>\/*! elementor - v3.6.7 - 03-07-2022 *\/\n.elementor-heading-title{padding:0;margin:0;line-height:1}.elementor-widget-heading .elementor-heading-title[class*=elementor-size-]>a{color:inherit;font-size:inherit;line-height:inherit}.elementor-widget-heading .elementor-heading-title.elementor-size-small{font-size:15px}.elementor-widget-heading .elementor-heading-title.elementor-size-medium{font-size:19px}.elementor-widget-heading .elementor-heading-title.elementor-size-large{font-size:29px}.elementor-widget-heading .elementor-heading-title.elementor-size-xl{font-size:39px}.elementor-widget-heading .elementor-heading-title.elementor-size-xxl{font-size:59px}<\/style><h2 class=\"elementor-heading-title elementor-size-default\">Conhe\u00e7a minhas propostas<\/h2>\t\t<\/div>\n\t\t\t\t<\/div>\n\t\t\t\t\t<\/div>\n\t\t<\/div>\n\t\t\t\t\t\t\t<\/div>\n\t\t<\/section>\n\t\t\t\t<section class=\"elementor-section elementor-top-section elementor-element elementor-element-3e348eb elementor-section-boxed elementor-section-height-default elementor-section-height-default\" data-id=\"3e348eb\" data-element_type=\"section\">\n\t\t\t\t\t\t<div class=\"elementor-container elementor-column-gap-default\">\n\t\t\t\t\t<div class=\"elementor-column elementor-col-100 elementor-top-column elementor-element elementor-element-e73bc01\" data-id=\"e73bc01\" data-element_type=\"column\">\n\t\t\t<div class=\"elementor-widget-wrap elementor-element-populated\">\n\t\t\t\t\t\t\t\t<div class=\"elementor-element elementor-element-2b282c6 elementor-grid-3 elementor-grid-tablet-2 elementor-grid-mobile-1 elementor-posts--thumbnail-top elementor-posts--show-avatar elementor-card-shadow-yes elementor-posts__hover-gradient elementor-widget elementor-widget-posts\" data-id=\"2b282c6\" data-element_type=\"widget\" data-settings=\"{&quot;cards_columns&quot;:&quot;3&quot;,&quot;cards_columns_tablet&quot;:&quot;2&quot;,&quot;cards_columns_mobile&quot;:&quot;1&quot;,&quot;cards_row_gap&quot;:{&quot;unit&quot;:&quot;px&quot;,&quot;size&quot;:35,&quot;sizes&quot;:[]},&quot;cards_row_gap_tablet&quot;:{&quot;unit&quot;:&quot;px&quot;,&quot;size&quot;:&quot;&quot;,&quot;sizes&quot;:[]},&quot;cards_row_gap_mobile&quot;:{&quot;unit&quot;:&quot;px&quot;,&quot;size&quot;:&quot;&quot;,&quot;sizes&quot;:[]}}\" data-widget_type=\"posts.cards\">\n\t\t\t\t<div class=\"elementor-widget-container\">\n\t\t\t<link rel=\"stylesheet\" href=\"https:\/\/alkamim.com.br\/site\/wp-content\/plugins\/elementor-pro\/assets\/css\/widget-posts.min.css\">\t\t<div class=\"elementor-posts-container elementor-posts elementor-posts--skin-cards elementor-grid\">\n\t\t\t\t<article class=\"elementor-post elementor-grid-item post-1429 post type-post status-publish format-standard hentry category-propostas\">\n\t\t\t<div class=\"elementor-post__card\">\n\t\t\t\t<div class=\"elementor-post__text\">\n\t\t\t\t<h3 class=\"elementor-post__title\">\n\t\t\t<a href=\"https:\/\/alkamim.com.br\/site\/geracao-de-emprego-atraves-de-rotas-turisticas-pr-323\/\" >\n\t\t\t\tGera\u00e7\u00e3o de emprego atrav\u00e9s de rotas tur\u00edsticas, como Pitanga \u00e0 Campo Mour\u00e3o, a rota PR- 323 Maring\u00e1 \u00e0 Gua\u00edra e o turismo religioso\t\t\t<\/a>\n\t\t<\/h3>\n\t\t\t\t<div class=\"elementor-post__excerpt\">\n\t\t\t<p>Nossa regi\u00e3o tem sido bastante afetada pela baixa procura em termos tur\u00edsticos.\u00a0 Sabemos que o Paran\u00e1 n\u00e3o se resume em dois principais pontos. Nossa regi\u00e3o \u00e9 extraordin\u00e1ria e riqu\u00edssima em<\/p>\n\t\t<\/div>\n\t\t\n\t\t<a class=\"elementor-post__read-more\" href=\"https:\/\/alkamim.com.br\/site\/geracao-de-emprego-atraves-de-rotas-turisticas-pr-323\/\" >\n\t\t\tLeia mais \u00bb\t\t<\/a>\n\n\t\t\t\t<\/div>\n\t\t\t\t\t<\/div>\n\t\t<\/article>\n\t\t\t\t<article class=\"elementor-post elementor-grid-item post-1436 post type-post status-publish format-standard hentry category-propostas\">\n\t\t\t<div class=\"elementor-post__card\">\n\t\t\t\t<div class=\"elementor-post__text\">\n\t\t\t\t<h3 class=\"elementor-post__title\">\n\t\t\t<a href=\"https:\/\/alkamim.com.br\/site\/promover-o-fim-das-filas-na-saude\/\" >\n\t\t\t\tNa Sa\u00fade promover o fim das filas para a realiza\u00e7\u00e3o de cirurgias eletivas e consultas especializadas por meio do Programa Opera Paran\u00e1\t\t\t<\/a>\n\t\t<\/h3>\n\t\t\t\t<div class=\"elementor-post__excerpt\">\n\t\t\t<p>O programa Opera Paran\u00e1 \u00e9 respons\u00e1vel pela destina\u00e7\u00e3o de verba para custeio de 60mil cirurgias eletivas por ano em nosso estado. Entretanto, \u00e9 preciso t\u00e9cnicas de gest\u00e3o em sa\u00fade para<\/p>\n\t\t<\/div>\n\t\t\n\t\t<a class=\"elementor-post__read-more\" href=\"https:\/\/alkamim.com.br\/site\/promover-o-fim-das-filas-na-saude\/\" >\n\t\t\tLeia mais \u00bb\t\t<\/a>\n\n\t\t\t\t<\/div>\n\t\t\t\t\t<\/div>\n\t\t<\/article>\n\t\t\t\t<article class=\"elementor-post elementor-grid-item post-1457 post type-post status-publish format-standard hentry category-propostas\">\n\t\t\t<div class=\"elementor-post__card\">\n\t\t\t\t<div class=\"elementor-post__text\">\n\t\t\t\t<h3 class=\"elementor-post__title\">\n\t\t\t<a href=\"https:\/\/alkamim.com.br\/site\/aperfeicoamento-sus\/\" >\n\t\t\t\tNa Aten\u00e7\u00e3o Prim\u00e1ria nos Postos de Sa\u00fade, aprimorar os cuidados materno-infantil, sa\u00fade mental, doen\u00e7as cr\u00f4nicas e a inova\u00e7\u00e3o &#8220;Sa\u00fade do Idoso&#8221; para o aperfei\u00e7oamento do SUS\t\t\t<\/a>\n\t\t<\/h3>\n\t\t\t\t<div class=\"elementor-post__excerpt\">\n\t\t\t<p>A aten\u00e7\u00e3o materno-infantil tem como principal objetivo a redu\u00e7\u00e3o da morbimortalidade materna e infantil e \u00e9 uma prioridade nacional. Quando falo em aprimorar os cuidados, me refiro ao acesso, a<\/p>\n\t\t<\/div>\n\t\t\n\t\t<a class=\"elementor-post__read-more\" href=\"https:\/\/alkamim.com.br\/site\/aperfeicoamento-sus\/\" >\n\t\t\tLeia mais \u00bb\t\t<\/a>\n\n\t\t\t\t<\/div>\n\t\t\t\t\t<\/div>\n\t\t<\/article>\n\t\t\t\t<article class=\"elementor-post elementor-grid-item post-1459 post type-post status-publish format-standard hentry category-propostas\">\n\t\t\t<div class=\"elementor-post__card\">\n\t\t\t\t<div class=\"elementor-post__text\">\n\t\t\t\t<h3 class=\"elementor-post__title\">\n\t\t\t<a href=\"https:\/\/alkamim.com.br\/site\/no-meio-ambiente-extinguir-os-lixoes-a-ceu-aberto-ate-2024-e-estimular-consorcios-municipais-para-o-licenciamento-ambiental\/\" >\n\t\t\t\tNo Meio Ambiente, extinguir os lix\u00f5es a c\u00e9u aberto at\u00e9 2024 e estimular cons\u00f3rcios municipais para o licenciamento ambiental\t\t\t<\/a>\n\t\t<\/h3>\n\t\t\t\t<div class=\"elementor-post__excerpt\">\n\t\t\t<p>Voc\u00ea sabia que a lei 12.305\/10 determina a extin\u00e7\u00e3o de lix\u00f5es a c\u00e9u aberto at\u00e9 2024. Entretanto, nem metade dos Munic\u00edpios do Paran\u00e1 est\u00e3o caminhando para assegurar o cumprimento da<\/p>\n\t\t<\/div>\n\t\t\n\t\t<a class=\"elementor-post__read-more\" href=\"https:\/\/alkamim.com.br\/site\/no-meio-ambiente-extinguir-os-lixoes-a-ceu-aberto-ate-2024-e-estimular-consorcios-municipais-para-o-licenciamento-ambiental\/\" >\n\t\t\tLeia mais \u00bb\t\t<\/a>\n\n\t\t\t\t<\/div>\n\t\t\t\t\t<\/div>\n\t\t<\/article>\n\t\t\t\t<article class=\"elementor-post elementor-grid-item post-1467 post type-post status-publish format-standard hentry category-propostas\">\n\t\t\t<div class=\"elementor-post__card\">\n\t\t\t\t<div class=\"elementor-post__text\">\n\t\t\t\t<h3 class=\"elementor-post__title\">\n\t\t\t<a href=\"https:\/\/alkamim.com.br\/site\/incluir-o-atendimento-odontologico-nas-utis-do-sus-implantar-na-atencao-primaria-o-atendimento-odontologico-voltado-para-a-reabilitacao-bucal-de-idosos-bem-como-a-correcao-das-mordidas-em-crianca\/\" >\n\t\t\t\tIncluir o atendimento odontol\u00f3gico nas UTIs do SUS. Implantar, na aten\u00e7\u00e3o prim\u00e1ria, o atendimento odontol\u00f3gico voltado para a reabilita\u00e7\u00e3o  bucal de idosos, bem como a corre\u00e7\u00e3o das mordidas em crian\u00e7as\t\t\t<\/a>\n\t\t<\/h3>\n\t\t\t\t<div class=\"elementor-post__excerpt\">\n\t\t\t<p>Atendimento dentro das salas de UTI do SUS \u00e9 uma necessidade que precisa de representa\u00e7\u00e3o para acontecer. \u00c9 essencial para os pacientes e mais oportunidade para os profissionais; Na inova\u00e7\u00e3o<\/p>\n\t\t<\/div>\n\t\t\n\t\t<a class=\"elementor-post__read-more\" href=\"https:\/\/alkamim.com.br\/site\/incluir-o-atendimento-odontologico-nas-utis-do-sus-implantar-na-atencao-primaria-o-atendimento-odontologico-voltado-para-a-reabilitacao-bucal-de-idosos-bem-como-a-correcao-das-mordidas-em-crianca\/\" >\n\t\t\tLeia mais \u00bb\t\t<\/a>\n\n\t\t\t\t<\/div>\n\t\t\t\t\t<\/div>\n\t\t<\/article>\n\t\t\t\t<article class=\"elementor-post elementor-grid-item post-1481 post type-post status-publish format-standard hentry category-propostas\">\n\t\t\t<div class=\"elementor-post__card\">\n\t\t\t\t<div class=\"elementor-post__text\">\n\t\t\t\t<h3 class=\"elementor-post__title\">\n\t\t\t<a href=\"https:\/\/alkamim.com.br\/site\/promover-atencao-as-familias-com-casos-de-autistas-para-atendimento-eficaz-pelo-sus\/\" >\n\t\t\t\tPromover aten\u00e7\u00e3o \u00e0s fam\u00edlias com casos de autistas para atendimento eficaz pelo SUS\t\t\t<\/a>\n\t\t<\/h3>\n\t\t\t\t<div class=\"elementor-post__excerpt\">\n\t\t\t<p>Em 2022 vimos de perto o que a falta de percep\u00e7\u00e3o e aten\u00e7\u00e3o para esse grupo de pessoas pode causar, ap\u00f3s o Superior Tribunal de Justi\u00e7a (STJ) decidir que planos<\/p>\n\t\t<\/div>\n\t\t\n\t\t<a class=\"elementor-post__read-more\" href=\"https:\/\/alkamim.com.br\/site\/promover-atencao-as-familias-com-casos-de-autistas-para-atendimento-eficaz-pelo-sus\/\" >\n\t\t\tLeia mais \u00bb\t\t<\/a>\n\n\t\t\t\t<\/div>\n\t\t\t\t\t<\/div>\n\t\t<\/article>\n\t\t\t\t<\/div>\n\n\n\t\t\n\t\t\t\t<\/div>\n\t\t\t\t<\/div>\n\t\t\t\t\t<\/div>\n\t\t<\/div>\n\t\t\t\t\t\t\t<\/div>\n\t\t<\/section>\n\t\t\t\t\t\t\t<\/div>\n\t\t","protected":false},"excerpt":{"rendered":"<p>Conhe\u00e7a minhas propostas<\/p>\n","protected":false},"author":1,"featured_media":0,"parent":0,"menu_order":0,"comment_status":"closed","ping_status":"closed","template":"","meta":{"footnotes":""},"class_list":["post-948","page","type-page","status-publish","hentry"],"yoast_head":"<!-- This site is optimized with the Yoast SEO plugin v19.3 - https:\/\/yoast.com\/wordpress\/plugins\/seo\/ -->\n<title>Propostas - Alkamim<\/title>\n<meta name=\"description\" content=\"Eu tenho uma proposta para te apresentar, uma proposta de mudan\u00e7as e melhorias para todos os cidad\u00e3os do estado do Paran\u00e1.\" \/>\n<meta name=\"robots\" content=\"index, follow, max-snippet:-1, max-image-preview:large, max-video-preview:-1\" \/>\n<link rel=\"canonical\" href=\"https:\/\/alkamim.com.br\/site\/propostas\/\" \/>\n<meta property=\"og:locale\" content=\"pt_BR\" \/>\n<meta property=\"og:type\" content=\"article\" \/>\n<meta property=\"og:title\" content=\"Propostas - Alkamim\" \/>\n<meta property=\"og:description\" content=\"Eu tenho uma proposta para te apresentar, uma proposta de mudan\u00e7as e melhorias para todos os cidad\u00e3os do estado do Paran\u00e1.\" \/>\n<meta property=\"og:url\" content=\"https:\/\/alkamim.com.br\/site\/propostas\/\" \/>\n<meta property=\"og:site_name\" content=\"Alkamim\" \/>\n<meta property=\"article:modified_time\" content=\"2022-09-10T01:05:01+00:00\" \/>\n<meta name=\"twitter:card\" content=\"summary_large_image\" \/>\n<meta name=\"twitter:label1\" content=\"Est. tempo de leitura\" \/>\n\t<meta name=\"twitter:data1\" content=\"2 minutos\" \/>\n<script type=\"application\/ld+json\" class=\"yoast-schema-graph\">{\"@context\":\"https:\/\/schema.org\",\"@graph\":[{\"@type\":\"Organization\",\"@id\":\"https:\/\/alkamim.com.br\/site\/#organization\",\"name\":\"Alkamim\",\"url\":\"https:\/\/alkamim.com.br\/site\/\",\"sameAs\":[],\"logo\":{\"@type\":\"ImageObject\",\"inLanguage\":\"pt-BR\",\"@id\":\"https:\/\/alkamim.com.br\/site\/#\/schema\/logo\/image\/\",\"url\":\"https:\/\/alkamim.com.br\/site\/wp-content\/uploads\/2022\/08\/cropped-imagem_seo_sobre_mim.jpg\",\"contentUrl\":\"https:\/\/alkamim.com.br\/site\/wp-content\/uploads\/2022\/08\/cropped-imagem_seo_sobre_mim.jpg\",\"width\":1982,\"height\":1692,\"caption\":\"Alkamim\"},\"image\":{\"@id\":\"https:\/\/alkamim.com.br\/site\/#\/schema\/logo\/image\/\"}},{\"@type\":\"WebSite\",\"@id\":\"https:\/\/alkamim.com.br\/site\/#website\",\"url\":\"https:\/\/alkamim.com.br\/site\/\",\"name\":\"Alkamim\",\"description\":\"Candidato a Deputado Estadual do Paran\u00e1\",\"publisher\":{\"@id\":\"https:\/\/alkamim.com.br\/site\/#organization\"},\"potentialAction\":[{\"@type\":\"SearchAction\",\"target\":{\"@type\":\"EntryPoint\",\"urlTemplate\":\"https:\/\/alkamim.com.br\/site\/?s={search_term_string}\"},\"query-input\":\"required name=search_term_string\"}],\"inLanguage\":\"pt-BR\"},{\"@type\":\"WebPage\",\"@id\":\"https:\/\/alkamim.com.br\/site\/propostas\/\",\"url\":\"https:\/\/alkamim.com.br\/site\/propostas\/\",\"name\":\"Propostas - Alkamim\",\"isPartOf\":{\"@id\":\"https:\/\/alkamim.com.br\/site\/#website\"},\"datePublished\":\"2022-09-08T23:25:08+00:00\",\"dateModified\":\"2022-09-10T01:05:01+00:00\",\"description\":\"Eu tenho uma proposta para te apresentar, uma proposta de mudan\u00e7as e melhorias para todos os cidad\u00e3os do estado do Paran\u00e1.\",\"breadcrumb\":{\"@id\":\"https:\/\/alkamim.com.br\/site\/propostas\/#breadcrumb\"},\"inLanguage\":\"pt-BR\",\"potentialAction\":[{\"@type\":\"ReadAction\",\"target\":[\"https:\/\/alkamim.com.br\/site\/propostas\/\"]}]},{\"@type\":\"BreadcrumbList\",\"@id\":\"https:\/\/alkamim.com.br\/site\/propostas\/#breadcrumb\",\"itemListElement\":[{\"@type\":\"ListItem\",\"position\":1,\"name\":\"In\u00edcio\",\"item\":\"https:\/\/alkamim.com.br\/site\/\"},{\"@type\":\"ListItem\",\"position\":2,\"name\":\"Propostas\"}]}]}<\/script>\n<!-- \/ Yoast SEO plugin. -->","yoast_head_json":{"title":"Propostas - Alkamim","description":"Eu tenho uma proposta para te apresentar, uma proposta de mudan\u00e7as e melhorias para todos os cidad\u00e3os do estado do Paran\u00e1.","robots":{"index":"index","follow":"follow","max-snippet":"max-snippet:-1","max-image-preview":"max-image-preview:large","max-video-preview":"max-video-preview:-1"},"canonical":"https:\/\/alkamim.com.br\/site\/propostas\/","og_locale":"pt_BR","og_type":"article","og_title":"Propostas - Alkamim","og_description":"Eu tenho uma proposta para te apresentar, uma proposta de mudan\u00e7as e melhorias para todos os cidad\u00e3os do estado do Paran\u00e1.","og_url":"https:\/\/alkamim.com.br\/site\/propostas\/","og_site_name":"Alkamim","article_modified_time":"2022-09-10T01:05:01+00:00","twitter_card":"summary_large_image","twitter_misc":{"Est. tempo de leitura":"2 minutos"},"schema":{"@context":"https:\/\/schema.org","@graph":[{"@type":"Organization","@id":"https:\/\/alkamim.com.br\/site\/#organization","name":"Alkamim","url":"https:\/\/alkamim.com.br\/site\/","sameAs":[],"logo":{"@type":"ImageObject","inLanguage":"pt-BR","@id":"https:\/\/alkamim.com.br\/site\/#\/schema\/logo\/image\/","url":"https:\/\/alkamim.com.br\/site\/wp-content\/uploads\/2022\/08\/cropped-imagem_seo_sobre_mim.jpg","contentUrl":"https:\/\/alkamim.com.br\/site\/wp-content\/uploads\/2022\/08\/cropped-imagem_seo_sobre_mim.jpg","width":1982,"height":1692,"caption":"Alkamim"},"image":{"@id":"https:\/\/alkamim.com.br\/site\/#\/schema\/logo\/image\/"}},{"@type":"WebSite","@id":"https:\/\/alkamim.com.br\/site\/#website","url":"https:\/\/alkamim.com.br\/site\/","name":"Alkamim","description":"Candidato a Deputado Estadual do Paran\u00e1","publisher":{"@id":"https:\/\/alkamim.com.br\/site\/#organization"},"potentialAction":[{"@type":"SearchAction","target":{"@type":"EntryPoint","urlTemplate":"https:\/\/alkamim.com.br\/site\/?s={search_term_string}"},"query-input":"required name=search_term_string"}],"inLanguage":"pt-BR"},{"@type":"WebPage","@id":"https:\/\/alkamim.com.br\/site\/propostas\/","url":"https:\/\/alkamim.com.br\/site\/propostas\/","name":"Propostas - Alkamim","isPartOf":{"@id":"https:\/\/alkamim.com.br\/site\/#website"},"datePublished":"2022-09-08T23:25:08+00:00","dateModified":"2022-09-10T01:05:01+00:00","description":"Eu tenho uma proposta para te apresentar, uma proposta de mudan\u00e7as e melhorias para todos os cidad\u00e3os do estado do Paran\u00e1.","breadcrumb":{"@id":"https:\/\/alkamim.com.br\/site\/propostas\/#breadcrumb"},"inLanguage":"pt-BR","potentialAction":[{"@type":"ReadAction","target":["https:\/\/alkamim.com.br\/site\/propostas\/"]}]},{"@type":"BreadcrumbList","@id":"https:\/\/alkamim.com.br\/site\/propostas\/#breadcrumb","itemListElement":[{"@type":"ListItem","position":1,"name":"In\u00edcio","item":"https:\/\/alkamim.com.br\/site\/"},{"@type":"ListItem","position":2,"name":"Propostas"}]}]}},"_links":{"self":[{"href":"https:\/\/alkamim.com.br\/site\/wp-json\/wp\/v2\/pages\/948","targetHints":{"allow":["GET"]}}],"collection":[{"href":"https:\/\/alkamim.com.br\/site\/wp-json\/wp\/v2\/pages"}],"about":[{"href":"https:\/\/alkamim.com.br\/site\/wp-json\/wp\/v2\/types\/page"}],"author":[{"embeddable":true,"href":"https:\/\/alkamim.com.br\/site\/wp-json\/wp\/v2\/users\/1"}],"replies":[{"embeddable":true,"href":"https:\/\/alkamim.com.br\/site\/wp-json\/wp\/v2\/comments?post=948"}],"version-history":[{"count":0,"href":"https:\/\/alkamim.com.br\/site\/wp-json\/wp\/v2\/pages\/948\/revisions"}],"wp:attachment":[{"href":"https:\/\/alkamim.com.br\/site\/wp-json\/wp\/v2\/media?parent=948"}],"curies":[{"name":"wp","href":"https:\/\/api.w.org\/{rel}","templated":true}]}}